f 430714056?
0
What is the thousands digit of 3379221?
9
What is the ten thousands digit of 27210436?
1
What is the hundreds digit of 100181262?
2
What is the units digit of 49907886?
6
What is the hundred millions digit of 1091301852?
0
What is the billions digit of 3913809424?
3
What is the hundred millions digit of 775940535?
7
What is the units digit of 42360582?
2
What is the hundred thousands digit of 651328058?
3
What is the ten thousands digit of 182280104?
8
What is the thousands digit of 134643007?
3
What is the tens digit of 705120724?
2
What is the thousands digit of 556708585?
8
What is the thousands digit of 140008333?
8
What is the tens digit of 4994167752?
5
What is the millions digit of 125143831?
5
What is the billions digit of 6867183580?
6
What is the ten thousands digit of 145900820?
0
What is the thousands digit of 275737603?
7
What is the hundreds digit of 600130247?
2
What is the hundred thousands digit of 2277477403?
4
What is the units digit of 215176212?
2
What is the units digit of 1926890245?
5
What is the hundred thousands digit of 2610372665?
3
What is the ten millions digit of 84576526?
8
What is the hundred millions digit of 215872691?
2
What is the ten millions digit of 41868502?
4
What is the hundred thousands digit of 1067222067?
2
What is the hundreds digit of 4966346355?
3
What is the tens digit of 245417720?
2
What is the ten millions digit of 82251699?
8
What is the hundreds digit of 72160421?
4
What is the billions digit of 3230440074?
3
What is the tens digit of 330715761?
6
What is the tens digit of 69661853?
5
What is the millions digit of 155213605?
5
What is the tens digit of 893856865?
6
What is the units digit of 631021253?
3
What is the thousands digit of 207634048?
4
What is the hundreds digit of 5085526377?
3
What is the units digit of 429823873?
3
What is the millions digit of 177899657?
7
What is the thousands digit of 226097807?
7
What is the units digit of 30680535?
5
What is the millions digit of 97004767?
7
What is the hundred thousands digit of 1618276623?
2
What is the units digit of 2338809208?
8
What is the ten thousands digit of 2144355171?
5
What is the millions digit of 171176347?
1
What is the ten millions digit of 69946544?
6
What is the tens digit of 4369543602?
0
What is the hundred thousands digit of 41305620?
3
What is the thousands digit of 82811692?
1
What is the ten thousands digit of 21332787?
3
What is the billions digit of 3867931151?
3
What is the units digit of 2431858404?
4
What is the units digit of 3161169953?
3
What is the thousands digit of 232560014?
0
What is the units digit of 23136209?
9
What is the hundred thousands digit of 181650628?
6
What is the millions digit of 1276721889?
6
What is the tens digit of 787686492?
9
What is the ten thousands digit of 1004005683?
0
What is the tens digit of 147534520?
2
What is the hundred thousands digit of 689129728?
1
What is the millions digit of 372987487?
2
What is the hundreds digit of 18596009?
0
What is the hundred thousands digit of 174373565?
3
What is the hundreds digit of 677593006?
0
What is the ten thousands digit of 4494559739?
5
What is the units digit of 698948951?
1
What is the billions digit of 5335825795?
5
What is the hundred thousands digit of 796588907?
5
What is the ten millions digit of 257149612?
5
What is the hundred thousands digit of 47959122?
9
What is the ten thousands digit of 3945924858?
2
What is the ten thousands digit of 54147813?
4
What is the units digit of 52522476?
6
What is the thousands digit of 91459774?
9
What is the tens digit of 1113234376?
7
What is the hundreds digit of 447647391?
3
What is the hundred thousands digit of 412999259?
9
What is the ten millions digit of 49617161?
4
What is the tens digit of 185652770?
7
What is the hundreds digit of 904625239?
2
What is the hundred thousands digit of 319819836?
8
What is the units digit of 7418376?
6
What is the ten millions digit of 288786365?
8
What is the billions digit of 6566810366?
6
What is the ten millions digit of 238480841?
3
What is the thousands digit of 33915814?
5
What is the ten thousands digit of 495005606?
0
What is the thousands digit of 256777282?
7
What is the units digit of 70689476?
6
What is the millions digit of 171688232?
1
What is the ten thousands digit of 123792429?
9
What is the thousands digit of 140939749?
9
What is the billions digit of 1434968429?
1
What is the hundreds digit of 4625837?
8
What is the tens digit of 337043689?
8
What is the hundred thousands digit of 2922617964?
6
What is the hundred millions digit of 2036126198?
0
What is the millions digit of 8854609?
8
What is the ten thousands digit of 27857662?
5
What is the ten thousands digit of 343235666?
3
What is the ten thousands digit of 2904173851?
7
What is the billions digit of 1583923899?
1
What is the tens digit of 359102515?
1
What is the hundred millions digit of 122487387?
1
What is the hundred thousands digit of 35501467?
5
What is the ten thousands digit of 223631860?
3
What is the ten thousands digit of 90882069?
8
What is the hundred millions digit of 3641009975?
6
What is the thousands digit of 140660491?
0
What is the thousands digit of 267128965?
8
What is the thousands digit of 177705556?
5
What is the tens digit of 4893942923?
2
What is the hundreds digit of 9186876?
8
What is the tens digit of 4366737092?
9
What is the thousands digit of 39098110?
8
What is the ten thousands digit of 1083650296?
5
What is the hundreds digit of 747168445?
4
What is the tens digit of 16366343?
4
What is the millions digit of 9885368?
9
What is the billions digit of 1484958134?
1
What is the thousands digit of 70495370?
5
What is the millions digit of 665398792?
5
What is the units digit of 58493704?
4
What is the thousands digit of 39372005?
2
What is the hundreds digit of 1201160?
1
What is the ten thousands digit of 80977149?
7
What is the hundreds digit of 3091344110?
1
What is the hundred thousands digit of 1007961237?
9
What is the hundreds digit of 1018110371?
3
What is the billions digit of 3790404371?
3
What is the millions digit of 960865372?
0
What is the millions digit of 290579365?
0
What is the hundred millions digit of 1239532905?
2
What is the millions digit of 55877959?
5
What is the millions digit of 19672122?
9
What is the thousands digit of 52178297?
8
What is the ten millions digit of 87382890?
8
What is the ten millions digit of 1287543185?
8
What is the ten millions digit of 425879336?
2
What is the thousands digit of 1456131630?
1
What is the units digit of 427550272?
2
What is the tens digit of 99268467?
6
What is the units digit of 836873715?
5
What is the hundreds digit of 126200871?
8
What is the tens digit of 70436382?
8
What is the ten millions digit of 121718103?
2
What is the thousands digit of 108152862?
2
What is the thousands digit of 246433122?
3
What is the billions digit of 3237956398?
3
What is the tens digit of 214942897?
9
What is the thousands digit of 1463288695?
8
What is the ten millions digit of 12626939?
1
What is the hundred thousands digit of 128982141?
9
What is the units digit of 1557453134?
4
What is the thousands digit of 263711550?
1
What is the hundreds digit of 2079981411?
4
What is the hundred thousands digit of 130774687?
7
What is the thousands digit of 3770606754?
6
What is the hundred millions digit of 107076395?
1
What is the hundred millions digit of 236879782?
2
What is the tens digit of 103161510?
1
What is the ten thousands digit of 85155088?
5
What is the units digit of 441447099?
9
What is the hundred thousands digit of 43245188?
2
What is the tens digit of 860352277?
7
What is the ten millions digit of 3313941769?
1
What is the thousands digit of 53673149?
3
What is the ten thousands digit of 110441216?
4
What is the millions digit of 41063610?
1
What is the hundreds digit of 288018599?
5
What is the hundreds digit of 155048903?
9
What is the hundred millions digit of 1246239732?
2
What is the ten thousands digit of 56063579?
6
What is the units digit of 69311563?
3
What is the units digit of 3084023822?
2
What is the hundred millions digit of 3783415660?
7
What is the units digit of 95316967?
7
What is the hundreds digit of 269658453?
4
What is the thousands dig